{"id":569,"date":"2017-07-18T15:44:36","date_gmt":"2017-07-18T14:44:36","guid":{"rendered":"https:\/\/sites.courtauld.ac.uk\/illuminating-objects\/?page_id=569"},"modified":"2017-09-01T12:57:47","modified_gmt":"2017-09-01T11:57:47","slug":"ottoman-gardens-european-eyes","status":"publish","type":"page","link":"https:\/\/sites.courtauld.ac.uk\/illuminating-objects\/illuminating-objects-home\/iznik-dish\/ottoman-gardens-european-eyes\/","title":{"rendered":"Ottoman Gardens Through European Eyes"},"content":{"rendered":"<p>The floral genre of Iznik ceramics fascinated 16<sup>th<\/sup>-century European travellers. Their comments on the meaning of flowers and gardens in the Ottoman culture can help us understand why Iznik artisans favoured floral motifs.<\/p>\n<p>To many European travellers, Ottoman floriculture was a newsworthy novelty. Pierre Belon du Mans, a herbalist who travelled in quest of plants throughout the Ottoman empire (1546-1549) in the entourage of the French ambassador to S\u00fcleyman the Magnificent, noted that,<\/p>\n<p style=\"padding-left: 30px\"><em>There are no people who so much delight in beautiful flowers as the Turks, when they find a beautiful wallflower or some other graceful flower, even though it has no smell they do not prize it the less. We like to have bunches of different kinds of scented flowers mixed together, but the Turks care only for sight rather than <\/em>smell,<em> and like to have only one flower at a time. Even if they may have several different kinds of flowers it is their custom to wear only a single flower in the folds of their turban. Artisans commonly have several flowers of different colours in a jar of water in front of them, to keep them fresh in their beauty. And so the Turks think as much of their gardens as we do, and go to great trouble to get exotic trees, particularly those that have beautiful flowers, and grudge no money for the purpose.<\/em><sup>[1]<\/sup><\/p>\n<p>Pierre Belon projected the Ottomans\u2019 delicate tastes and passion for, <q>beautiful flowers [which] are held in high esteem<\/q>. Istanbul in the 16<sup>th<\/sup> century, according to Belon, was an international marketplace for knowledgeable horticulturists where, <q>so many foreigners who come to Constantinople in ships from other countries bring with them roots of plants which have beautiful flowers and sell them in the markets, and from all the things that they bring they make money<\/q>.<\/p>\n<figure id=\"attachment_570\" aria-describedby=\"caption-attachment-570\" style=\"width: 407px\" class=\"wp-caption aligncenter\"><a href=\"https:\/\/sites.courtauld.ac.uk\/illuminating-objects\/wp-content\/uploads\/sites\/7\/2017\/07\/01-interpretingfloralmotifs_clip_image002.png\"><img loading=\"lazy\" decoding=\"async\" class=\"size-full wp-image-570\" src=\"https:\/\/sites.courtauld.ac.uk\/illuminating-objects\/wp-content\/uploads\/sites\/7\/2017\/07\/01-interpretingfloralmotifs_clip_image002.png\" alt=\"\" width=\"407\" height=\"268\" srcset=\"https:\/\/sites.courtauld.ac.uk\/illuminating-objects\/wp-content\/uploads\/sites\/7\/2017\/07\/01-interpretingfloralmotifs_clip_image002.png 407w, https:\/\/sites.courtauld.ac.uk\/illuminating-objects\/wp-content\/uploads\/sites\/7\/2017\/07\/01-interpretingfloralmotifs_clip_image002-300x198.png 300w\" sizes=\"auto, (max-width: 407px) 100vw, 407px\" \/><\/a><figcaption id=\"caption-attachment-570\" class=\"wp-caption-text\">Members of the guild of florists carrying vases of flowers at the festivities for the circumcision of Prince Mehmed, son of Sultan Murad III in the late 16th century.<br \/>\nSurname-\u00ec Humay\u00fcn (The book of Imperial festivities), written by famous court annalist Seyyid Lokman and Illustrated by Nakka\u015f Osman 1582.<\/figcaption><\/figure>\n<p>Ottoman floriculture had a further notice from Ogier Ghiselin de Busbecq, a Flemish diplomat who resided in the Ottoman lands (1555-1562).<sup>[2]<\/sup><\/p>\n<p>On his journey from Adrianople to Constantinople, de Busbecq wrote in his letters, <q>we everywhere came across quantities of flowers -narcissi, hyacinths and tulipans, as the Turks call them. We were surprised to find them <em>flowering in mid-winter<\/em>, scarcely a favourable season<\/q>. Busbecq also observed that the Ottoman <q>do not allow rose-leaves to lie on the ground, because they think that the rose sprang from the sweat of Mahomet, just as the ancients believed that it came from the blood of venus<\/q>.<\/p>\n<p><span style=\"font-size: 10pt\"><strong>References<\/strong><\/span><br \/>\n <span style=\"font-size: 10pt\"> <sup>[1] <em>\u00a0<\/em><\/sup><em>Travels in the Levant: The Observations of Pierre Belon du Mans (1553). (ed.) Alexandra Merle. (trans.) James\u00a0<\/em><em>Hogarth. <\/em>(UK: Harding Simpole). Chapter 51,\u00a0 p. 469.<\/span><br \/>\n <span style=\"font-size: 10pt\"> <sup>[2] <\/sup><em>The Life and Letters of\u00a0 Ogier Ghiselin de Busbecq<\/em>. (eds. and trans.) Charles Thornton Foster and F.H. Blackburne Daniell\u00a0 New York: Cambridge University Press. Vol.1, Letter I, p. 107-110.<\/span><\/p>\n<p>Back to\u00a0<a href=\"https:\/\/sites.courtauld.ac.uk\/illuminating-objects\/objects\/iznik-dish\/\">Iznik Dish<\/a><\/p>\n","protected":false},"excerpt":{"rendered":"<p>The floral genre of Iznik ceramics fascinated 16th-century European travellers. Their comments on the meaning of flowers and gardens in the Ottoman culture can help us understand why Iznik artisans favoured floral motifs.<\/p>\n","protected":false},"author":40,"featured_media":570,"parent":549,"menu_order":2,"comment_status":"closed","ping_status":"closed","template":"","meta":{"_acf_changed":false,"footnotes":""},"categories":[],"class_list":["post-569","page","type-page","status-publish","has-post-thumbnail","hentry"],"acf":[],"yoast_head":"<!-- This site is optimized with the Yoast SEO plugin v27.5 - https:\/\/yoast.com\/product\/yoast-seo-wordpress\/ -->\n<title>Ottoman Gardens Through European Eyes - Illuminating Objects<\/title>\n<meta name=\"robots\" content=\"index, follow, max-snippet:-1, max-image-preview:large, max-video-preview:-1\" \/>\n<link rel=\"canonical\" href=\"https:\/\/sites.courtauld.ac.uk\/illuminating-objects\/illuminating-objects-home\/iznik-dish\/ottoman-gardens-european-eyes\/\" \/>\n<meta property=\"og:locale\" content=\"en_GB\" \/>\n<meta property=\"og:type\" content=\"article\" \/>\n<meta property=\"og:title\" content=\"Ottoman Gardens Through European Eyes - Illuminating Objects\" \/>\n<meta property=\"og:description\" content=\"The floral genre of Iznik ceramics fascinated 16th-century European travellers. Their comments on the meaning of flowers and gardens in the Ottoman culture can help us understand why Iznik artisans favoured floral motifs.\" \/>\n<meta property=\"og:url\" content=\"https:\/\/sites.courtauld.ac.uk\/illuminating-objects\/illuminating-objects-home\/iznik-dish\/ottoman-gardens-european-eyes\/\" \/>\n<meta property=\"og:site_name\" content=\"Illuminating Objects\" \/>\n<meta property=\"article:modified_time\" content=\"2017-09-01T11:57:47+00:00\" \/>\n<meta property=\"og:image\" content=\"https:\/\/sites.courtauld.ac.uk\/illuminating-objects\/wp-content\/uploads\/sites\/7\/2017\/07\/01-interpretingfloralmotifs_clip_image002.png\" \/>\n\t<meta property=\"og:image:width\" content=\"407\" \/>\n\t<meta property=\"og:image:height\" content=\"268\" \/>\n\t<meta property=\"og:image:type\" content=\"image\/png\" \/>\n<meta name=\"twitter:card\" content=\"summary_large_image\" \/>\n<meta name=\"twitter:label1\" content=\"Estimated reading time\" \/>\n\t<meta name=\"twitter:data1\" content=\"3 minutes\" \/>\n<script type=\"application\/ld+json\" class=\"yoast-schema-graph\">{\"@context\":\"https:\\\/\\\/schema.org\",\"@graph\":[{\"@type\":\"WebPage\",\"@id\":\"https:\\\/\\\/sites.courtauld.ac.uk\\\/illuminating-objects\\\/illuminating-objects-home\\\/iznik-dish\\\/ottoman-gardens-european-eyes\\\/\",\"url\":\"https:\\\/\\\/sites.courtauld.ac.uk\\\/illuminating-objects\\\/illuminating-objects-home\\\/iznik-dish\\\/ottoman-gardens-european-eyes\\\/\",\"name\":\"Ottoman Gardens Through European Eyes - Illuminating Objects\",\"isPartOf\":{\"@id\":\"https:\\\/\\\/sites.courtauld.ac.uk\\\/illuminating-objects\\\/#website\"},\"primaryImageOfPage\":{\"@id\":\"https:\\\/\\\/sites.courtauld.ac.uk\\\/illuminating-objects\\\/illuminating-objects-home\\\/iznik-dish\\\/ottoman-gardens-european-eyes\\\/#primaryimage\"},\"image\":{\"@id\":\"https:\\\/\\\/sites.courtauld.ac.uk\\\/illuminating-objects\\\/illuminating-objects-home\\\/iznik-dish\\\/ottoman-gardens-european-eyes\\\/#primaryimage\"},\"thumbnailUrl\":\"https:\\\/\\\/sites.courtauld.ac.uk\\\/illuminating-objects\\\/wp-content\\\/uploads\\\/sites\\\/7\\\/2017\\\/07\\\/01-interpretingfloralmotifs_clip_image002.png\",\"datePublished\":\"2017-07-18T14:44:36+00:00\",\"dateModified\":\"2017-09-01T11:57:47+00:00\",\"breadcrumb\":{\"@id\":\"https:\\\/\\\/sites.courtauld.ac.uk\\\/illuminating-objects\\\/illuminating-objects-home\\\/iznik-dish\\\/ottoman-gardens-european-eyes\\\/#breadcrumb\"},\"inLanguage\":\"en-GB\",\"potentialAction\":[{\"@type\":\"ReadAction\",\"target\":[\"https:\\\/\\\/sites.courtauld.ac.uk\\\/illuminating-objects\\\/illuminating-objects-home\\\/iznik-dish\\\/ottoman-gardens-european-eyes\\\/\"]}]},{\"@type\":\"ImageObject\",\"inLanguage\":\"en-GB\",\"@id\":\"https:\\\/\\\/sites.courtauld.ac.uk\\\/illuminating-objects\\\/illuminating-objects-home\\\/iznik-dish\\\/ottoman-gardens-european-eyes\\\/#primaryimage\",\"url\":\"https:\\\/\\\/sites.courtauld.ac.uk\\\/illuminating-objects\\\/wp-content\\\/uploads\\\/sites\\\/7\\\/2017\\\/07\\\/01-interpretingfloralmotifs_clip_image002.png\",\"contentUrl\":\"https:\\\/\\\/sites.courtauld.ac.uk\\\/illuminating-objects\\\/wp-content\\\/uploads\\\/sites\\\/7\\\/2017\\\/07\\\/01-interpretingfloralmotifs_clip_image002.png\",\"width\":407,\"height\":268,\"caption\":\"Members of the guild of florists carrying vases of flowers at the festivities for the circumcision of Prince Mehmed, son of Sultan Murad III in the late 16th century. Surname-\u00ec Humay\u00fcn (The book of Imperial festivities), written by famous court annalist Seyyid Lokman and Illustrated by Nakka\u015f Osman 1582.\"},{\"@type\":\"BreadcrumbList\",\"@id\":\"https:\\\/\\\/sites.courtauld.ac.uk\\\/illuminating-objects\\\/illuminating-objects-home\\\/iznik-dish\\\/ottoman-gardens-european-eyes\\\/#breadcrumb\",\"itemListElement\":[{\"@type\":\"ListItem\",\"position\":1,\"name\":\"Home\",\"item\":\"https:\\\/\\\/sites.courtauld.ac.uk\\\/illuminating-objects\\\/\"},{\"@type\":\"ListItem\",\"position\":2,\"name\":\"Illuminating Objects Home\",\"item\":\"https:\\\/\\\/sites.courtauld.ac.uk\\\/illuminating-objects\\\/\"},{\"@type\":\"ListItem\",\"position\":3,\"name\":\"Iznik Dish\",\"item\":\"https:\\\/\\\/sites.courtauld.ac.uk\\\/illuminating-objects\\\/illuminating-objects-home\\\/iznik-dish\\\/\"},{\"@type\":\"ListItem\",\"position\":4,\"name\":\"Ottoman Gardens Through European Eyes\"}]},{\"@type\":\"WebSite\",\"@id\":\"https:\\\/\\\/sites.courtauld.ac.uk\\\/illuminating-objects\\\/#website\",\"url\":\"https:\\\/\\\/sites.courtauld.ac.uk\\\/illuminating-objects\\\/\",\"name\":\"Illuminating Objects\",\"description\":\"Shining a light on the decorative arts and sculpture collection\",\"potentialAction\":[{\"@type\":\"SearchAction\",\"target\":{\"@type\":\"EntryPoint\",\"urlTemplate\":\"https:\\\/\\\/sites.courtauld.ac.uk\\\/illuminating-objects\\\/?s={search_term_string}\"},\"query-input\":{\"@type\":\"PropertyValueSpecification\",\"valueRequired\":true,\"valueName\":\"search_term_string\"}}],\"inLanguage\":\"en-GB\"}]}<\/script>\n<!-- \/ Yoast SEO plugin. -->","yoast_head_json":{"title":"Ottoman Gardens Through European Eyes - Illuminating Objects","robots":{"index":"index","follow":"follow","max-snippet":"max-snippet:-1","max-image-preview":"max-image-preview:large","max-video-preview":"max-video-preview:-1"},"canonical":"https:\/\/sites.courtauld.ac.uk\/illuminating-objects\/illuminating-objects-home\/iznik-dish\/ottoman-gardens-european-eyes\/","og_locale":"en_GB","og_type":"article","og_title":"Ottoman Gardens Through European Eyes - Illuminating Objects","og_description":"The floral genre of Iznik ceramics fascinated 16th-century European travellers. Their comments on the meaning of flowers and gardens in the Ottoman culture can help us understand why Iznik artisans favoured floral motifs.","og_url":"https:\/\/sites.courtauld.ac.uk\/illuminating-objects\/illuminating-objects-home\/iznik-dish\/ottoman-gardens-european-eyes\/","og_site_name":"Illuminating Objects","article_modified_time":"2017-09-01T11:57:47+00:00","og_image":[{"width":407,"height":268,"url":"https:\/\/sites.courtauld.ac.uk\/illuminating-objects\/wp-content\/uploads\/sites\/7\/2017\/07\/01-interpretingfloralmotifs_clip_image002.png","type":"image\/png"}],"twitter_card":"summary_large_image","twitter_misc":{"Estimated reading time":"3 minutes"},"schema":{"@context":"https:\/\/schema.org","@graph":[{"@type":"WebPage","@id":"https:\/\/sites.courtauld.ac.uk\/illuminating-objects\/illuminating-objects-home\/iznik-dish\/ottoman-gardens-european-eyes\/","url":"https:\/\/sites.courtauld.ac.uk\/illuminating-objects\/illuminating-objects-home\/iznik-dish\/ottoman-gardens-european-eyes\/","name":"Ottoman Gardens Through European Eyes - Illuminating Objects","isPartOf":{"@id":"https:\/\/sites.courtauld.ac.uk\/illuminating-objects\/#website"},"primaryImageOfPage":{"@id":"https:\/\/sites.courtauld.ac.uk\/illuminating-objects\/illuminating-objects-home\/iznik-dish\/ottoman-gardens-european-eyes\/#primaryimage"},"image":{"@id":"https:\/\/sites.courtauld.ac.uk\/illuminating-objects\/illuminating-objects-home\/iznik-dish\/ottoman-gardens-european-eyes\/#primaryimage"},"thumbnailUrl":"https:\/\/sites.courtauld.ac.uk\/illuminating-objects\/wp-content\/uploads\/sites\/7\/2017\/07\/01-interpretingfloralmotifs_clip_image002.png","datePublished":"2017-07-18T14:44:36+00:00","dateModified":"2017-09-01T11:57:47+00:00","breadcrumb":{"@id":"https:\/\/sites.courtauld.ac.uk\/illuminating-objects\/illuminating-objects-home\/iznik-dish\/ottoman-gardens-european-eyes\/#breadcrumb"},"inLanguage":"en-GB","potentialAction":[{"@type":"ReadAction","target":["https:\/\/sites.courtauld.ac.uk\/illuminating-objects\/illuminating-objects-home\/iznik-dish\/ottoman-gardens-european-eyes\/"]}]},{"@type":"ImageObject","inLanguage":"en-GB","@id":"https:\/\/sites.courtauld.ac.uk\/illuminating-objects\/illuminating-objects-home\/iznik-dish\/ottoman-gardens-european-eyes\/#primaryimage","url":"https:\/\/sites.courtauld.ac.uk\/illuminating-objects\/wp-content\/uploads\/sites\/7\/2017\/07\/01-interpretingfloralmotifs_clip_image002.png","contentUrl":"https:\/\/sites.courtauld.ac.uk\/illuminating-objects\/wp-content\/uploads\/sites\/7\/2017\/07\/01-interpretingfloralmotifs_clip_image002.png","width":407,"height":268,"caption":"Members of the guild of florists carrying vases of flowers at the festivities for the circumcision of Prince Mehmed, son of Sultan Murad III in the late 16th century. Surname-\u00ec Humay\u00fcn (The book of Imperial festivities), written by famous court annalist Seyyid Lokman and Illustrated by Nakka\u015f Osman 1582."},{"@type":"BreadcrumbList","@id":"https:\/\/sites.courtauld.ac.uk\/illuminating-objects\/illuminating-objects-home\/iznik-dish\/ottoman-gardens-european-eyes\/#breadcrumb","itemListElement":[{"@type":"ListItem","position":1,"name":"Home","item":"https:\/\/sites.courtauld.ac.uk\/illuminating-objects\/"},{"@type":"ListItem","position":2,"name":"Illuminating Objects Home","item":"https:\/\/sites.courtauld.ac.uk\/illuminating-objects\/"},{"@type":"ListItem","position":3,"name":"Iznik Dish","item":"https:\/\/sites.courtauld.ac.uk\/illuminating-objects\/illuminating-objects-home\/iznik-dish\/"},{"@type":"ListItem","position":4,"name":"Ottoman Gardens Through European Eyes"}]},{"@type":"WebSite","@id":"https:\/\/sites.courtauld.ac.uk\/illuminating-objects\/#website","url":"https:\/\/sites.courtauld.ac.uk\/illuminating-objects\/","name":"Illuminating Objects","description":"Shining a light on the decorative arts and sculpture collection","potentialAction":[{"@type":"SearchAction","target":{"@type":"EntryPoint","urlTemplate":"https:\/\/sites.courtauld.ac.uk\/illuminating-objects\/?s={search_term_string}"},"query-input":{"@type":"PropertyValueSpecification","valueRequired":true,"valueName":"search_term_string"}}],"inLanguage":"en-GB"}]}},"_links":{"self":[{"href":"https:\/\/sites.courtauld.ac.uk\/illuminating-objects\/wp-json\/wp\/v2\/pages\/569","targetHints":{"allow":["GET"]}}],"collection":[{"href":"https:\/\/sites.courtauld.ac.uk\/illuminating-objects\/wp-json\/wp\/v2\/pages"}],"about":[{"href":"https:\/\/sites.courtauld.ac.uk\/illuminating-objects\/wp-json\/wp\/v2\/types\/page"}],"author":[{"embeddable":true,"href":"https:\/\/sites.courtauld.ac.uk\/illuminating-objects\/wp-json\/wp\/v2\/users\/40"}],"replies":[{"embeddable":true,"href":"https:\/\/sites.courtauld.ac.uk\/illuminating-objects\/wp-json\/wp\/v2\/comments?post=569"}],"version-history":[{"count":0,"href":"https:\/\/sites.courtauld.ac.uk\/illuminating-objects\/wp-json\/wp\/v2\/pages\/569\/revisions"}],"up":[{"embeddable":true,"href":"https:\/\/sites.courtauld.ac.uk\/illuminating-objects\/wp-json\/wp\/v2\/pages\/549"}],"wp:featuredmedia":[{"embeddable":true,"href":"https:\/\/sites.courtauld.ac.uk\/illuminating-objects\/wp-json\/wp\/v2\/media\/570"}],"wp:attachment":[{"href":"https:\/\/sites.courtauld.ac.uk\/illuminating-objects\/wp-json\/wp\/v2\/media?parent=569"}],"wp:term":[{"taxonomy":"category","embeddable":true,"href":"https:\/\/sites.courtauld.ac.uk\/illuminating-objects\/wp-json\/wp\/v2\/categories?post=569"}],"curies":[{"name":"wp","href":"https:\/\/api.w.org\/{rel}","templated":true}]}}